 composite number?
False
Suppose -25*n + 875240 + 1162485 = 0. Is n a composite number?
False
Suppose -2*r - 4*o + 186102 = 0, 2*r - 11*o + 7*o - 186086 = 0. Is r a composite number?
False
Let f(j) = 0*j**2 + 2*j**3 + 0*j**3 + 3913 + 2*j**2 - 3*j**2 + 2230 + j. Is f(0) a prime number?
True
Suppose 9*y - 15*y = -264. Suppose 28*i = y*i - 297488. Is i composite?
False
Let o be -3*(-6)/36 + (-2)/4. Is (-6193 - 4)*(-1 - o) composite?
False
Let l be 2/(5 + (-45)/10). Suppose 2*z = -l*p + 10369 + 5597, -31997 = -4*z + 5*p. Is z prime?
True
Suppose -3187703 + 23669240 = 219*f. Is f prime?
True
Let n(m) = m + 5. Let b = -44 - -39. Let p be n(b). Suppose p = 4*s + 2*c - 508 - 840, 1348 = 4*s - 4*c. Is s a composite number?
False
Suppose -1 = -5*d - u, 2*u = 3*d - u + 3. Let p = 55 + -55. Is 223*(p + (d - -1)) prime?
True
Let k be ((-12)/20)/(24/240). Let a(n) be the third derivative of -247*n**4/24 - n**3/6 + n**2. Is a(k) composite?
False
Let n(a) = -a**3 - 10*a**2 + 12*a + 11. Let d be n(-11). Suppose -3*s - 269 + 968 = d. Is s a composite number?
False
Suppose -7776 = 5*h + j + 2*j, -3*h + 4*j - 4654 = 0. Let o = 2396 + h. Is o prime?
False
Let l be 10/2 - (3 - 2). Let a be 893 + -2 + 6 - l/2. Suppose -8*h = -a - 2089. Is h prime?
True
Let l = 928465 - 263506. Is l a prime number?
False
Suppose -21*b + 12071354 - 171263 = 0. Is b a prime number?
False
Let r(z) = 48*z**2 + 46*z + 185. Is r(-6) a prime number?
True
Suppose -4*m = -q + 45035, -5*q + m - 88439 + 313481 = 0. Is q prime?
True
Let s(v) = 6999*v + 2059. Is s(30) a composite number?
False
Let b(p) = p**3 + 11*p**2 - 6*p + 66. Let k be b(-12). Is k + (-25)/(-75)*(2 - -23005) composite?
True
Let c(m) = -103410*m + 1447. Is c(-7) prime?
True
Let h(s) = 16*s - 6*s + 1080 - 1099 - s**2. Let n be h(5). Suppose -593 = n*r - 5927. Is r prime?
False
Suppose 2*n - 34073 = -3*i + 41474, 37806 = n - 5*i. Is n prime?
True
Let d be -5*(-4 + 2 + 1). Suppose 0 = -d*j + j - z + 6823, -3*z = -j + 1709. Is j a prime number?
False
Let o(g) = 4*g**3 + 2*g**2 - 11*g + 19. Let u be (-2)/(4/(-708)*-6). Let r = -53 - u. Is o(r) prime?
False
Suppose -4*b + 8*n - 11*n = -1392712, 4*b - 1392704 = -5*n. Is b prime?
True
Suppose -18*i = -64400 + 352004. Let t = -3161 - i. Is t composite?
True
Let i be 7*(-1)/(-21)*-12. Let g(v) = -3*v**3 - v + 1. Let w be g(1). Is (i - -5)*(1 + (-13926)/w) a prime number?
True
Let g = -1182 - -2100. Let n = 362 - g. Is n/(-3) + (-5)/15 a composite number?
True
Suppose -t - t = -46. Let c(b) = -t*b - b**3 - 8*b**2 - 3 + 37*b - 23 + 2*b**3. Is c(11) a composite number?
False
Let b = 588469 - 272414. Is b a composite number?
True
Let i = 130168 - 76869. Is i composite?
False
Suppose y + y = 66525 + 45773. Is y a prime number?
True
Suppose -35*p + 169953 = -14*p. Let f = p + -1984. Is f a composite number?
True
Let k(h) = 1484*h**2 + 318*h - 1629. Is k(5) a composite number?
False
Let d be 15*(583 + (3 - -1)). Suppose 3*g - d = -4*y, 3*g - 3*y = g + 5870. Is g a composite number?
True
Let m be 4*(2/12)/((-23)/(-69)). Suppose l = -m*l + 2*h + 6295, 0 = h - 1. Is l a composite number?
False
Suppose -1971696 = 271*x - 295*x. Is x a composite number?
True
Let f(b) = 11292*b**2 - 70*b + 203. Is f(3) a composite number?
True
Suppose -i - 2509 + 12391 = 0. Let b be 5/40*2 - i/8. Let x = b + 2798. Is x a composite number?
True
Is ((-6)/10)/(141/(-3323605)) prime?
True
Let z(m) = m - 19. Let l be z(34). Is 716/(-2)*l/(-30) prime?
True
Let m = 9087 - 5041. Suppose u + 2*q = 1367, 2*u = 5*u - 5*q - m. Is u prime?
False
Is (-1 + (-21)/(-9))*11/((-132)/(-66897)) prime?
True
Let s be -26*(-3 - (-94)/(-4)). Is (-6 + (-12)/(-3))*s/(-2) a composite number?
True
Let j = -170466 - -518855. Is j a prime number?
True
Let n be (-46 + 43)*251*(-3 - -2). Let i = n - -41. Is i composite?
True
Suppose 5*i + 26711 = 4*s, -3*i + 4*i = 5. Suppose 4*c - 5*c + s = 0. Is 4/(-6) - c/(-36) a prime number?
False
Suppose 69*h = 78*h - 207. Suppose 0 = -h*x + 8659 + 9028. Is x a composite number?
False
Let p = 1186 - -1352. Let y(u) = -47*u - 422. Let m be y(22). Let b = m + p. Is b prime?
False
Let u be 3 + 46*40/(-5). Let g = u - -1038. Is g a prime number?
True
Suppose g + 4*g = 6*g - 3691. Is g prime?
True
Let j(c) be the third derivative of 25*c**5/3 + c**4/24 + c**3/3 - 2*c**2 + 19. Let q be (-10 + 8)/(2/1). Is j(q) a prime number?
False
Let g = 25926 - -73367. Is g a composite number?
True
Suppose -5*b - 20 = -5*g, -2 = 4*g + 2*b + 6. Suppose a - 1 = -g*a. Suppose 0 = -2*i + 3*v + 181, -2*v = -3*v - a. Is i composite?
False
Let c(z) = -8117*z + 51. Is c(-20) a composite number?
False
Let q(t) = 2*t**2 - 3*t - 5. Suppose 0 = -2*g + 6*g - 16. Let j be (g + -3)*1*4. Is q(j) composite?
True
Let k be (-271)/(-3) - (60/(-9) - -6). Suppose 4*z - k = -3*a + 940, 0 = -z - 4. Suppose -l = -a - 404. Is l a prime number?
False
Suppose 13281 = 3*g + 4*a, 0 = 3*g + 5*a - 2*a - 13284. Suppose 2*y = 2*o - 3546, 912 = 3*o + 3*y - g. Is o prime?
True
Let t = 78 - 135. Let b = t + 60. Suppose -2*x + 269 = 3*j, -4*x - b*j + j = -518. Is x a prime number?
True
Suppose 5*j + 0*j = -u + 19, 4*u - 16 = 0. Suppose j*o - 510 = 5*g, 0*g - 2*o - 115 = g. Is (-26229)/g + 4/(-5) prime?
False
Let o be (-655)/(-35) + 4/14. Let s be (71/(-4) - -2)/(o/(-380)). Let v = s - 188. Is v composite?
False
Let i = -147 - -147. Suppose -6*m - 15874 + 77212 = i. Is m composite?
False
Suppose 5*n - 2*t + 38 = 0, -2*n + n - 22 = -4*t. Let x(d) = -182*d + 134. Is x(n) a prime number?
False
Suppose -4*z = 8, z = -3*g + 8776 + 9378. Let i = g - 3851. Is i a prime number?
False
Let p(d) = 39*d**2 + 8*d - 3. Let b be (-4 - -3 - 0)*15/3. Let x be p(b). Suppose -5*n - 131 = -4*g - x, n - 3*g = 169. Is n composite?
False
Let h = -54750 + 89747. Is h a composite number?
True
Let g be (-5)/((-5)/(-15)*(0 + -3)). Suppose o + 7 = -3*a + 1, 0 = g*a + 10. Suppose o = r - 8*r + 1799. Is r a prime number?
True
Let a be (-744)/(-30) + (-12)/15. Suppose -5*x = -x - a. Let c(i) = 18*i**2 + 8*i - 13. Is c(x) composite?
False
Is -1 + (-3)/(((-1)/12)/(105089/38)) prime?
False
Let u(i) = -65*i**2 - 7*i + 32. Let n be u(7). Is 9 - n - (2/(-1) - 1) prime?
False
Let z = 40 - -3. Let d = z - 43. Suppose -12*v + 14*v - 2722 = d. Is v a prime number?
True
Suppose d - 10837 = -2*r, 28541 = 2*d - 4*r + 6923. Is d prime?
False
Let d = 2162 - 1100. Suppose 285 = -3*z + d. Is z a prime number?
False
Is (224/(-28) - -20)*67934/12 a composite number?
True
Let o(t) = 1706*t + 577. Is o(9) prime?
False
Suppose -7*l + 6 = -4*l. Suppose 2*h = -3*q + q + 68, 0 = -l*q - 3*h + 68. Let p = q + -8. Is p prime?
False
Let u be (1/2 + (-15)/(-18))*-6. Is (u/6)/((-2)/141) a composite number?
True
Let w = 643672 + -168401. Is w a composite number?
False
Suppose 18 = -77*i + 80*i. Let j(m) = 125*m**3 - 3*m**2 - 9*m - 5. Is j(i) prime?
True
Suppose -5*b + 1816 = -164. Let k = -275 + b. Is k composite?
True
Let o(l) = 9*l**3 - 19*l**2 + 15*l - 58. Let t(a) = -16*a**3 + 10*a**3 + 6*a**2 + 19 + 3*a**3 - 5*a. Let p(q) = 2*o(q) + 7*t(q). Is p(-7) composite?
False
Let n(h) = 38*h**2 + 9*h + 39. Let a be n(-21). Let f = -9709 + a. Is f a prime number?
True
Let j = 112 - 81. Let t = j - 21. Suppose -t*x + 7*x = -879. Is x prime?
True
Let g be (960/45)/(2/687). Let u = -4345 + g. Is u composite?
True
Suppose 2*t - 2*l = 33648, -3*t + 50467 = 3*l - l. Is t composite?
False
Let x(v) = -v**3 - 19*v**2 - 28*v + 45. Is x(-37) a composite number?
True
Let y be ((-1569)/(-21) - -1)*14/2. Suppose 2*p + 2*j = -p - y, 2*p = -4*j - 348. Let z = p - -341. Is z composite?
False
Is (-643375)/1575*-217 - (-2 - 32/(-18)) prime?
True
Suppose 77*i - 114*i + 2721041 = -4206506. Is i a composite number?
True
Suppose -4*b + 3*m = -1121185, 3*b - 1033220 = -4*m - 192325. Is b a composite number?
False
Suppose -3*k + 171 = -f, -f - 295 = -5*k + 4*f. Let z(s) = -k*s - 51*s + 21 + 17. Is z(-7) a prime number?
True
Let x(q) = -q**3 - 3*q**2 + 4*q + 3. Let s be x(-4). Is (1 - 0)/(s - (-5064)/(-1689)) a prime number?
True
Let z(d) = d**2 - d - 2. Let u be z(-2). Suppose 0 = -4*b + 9*b + 25, 5*p - 805 = u*b. Is p a prime number?
True
Let l(f) = 23540*f**2 - 21*f + 89. Is l(4) prime?
False
Suppose 34*g - 33920138 = -43*g + 15*g. Is g a composite numb